?
True
Does 416 divide 203438144?
True
Is 289466133 a multiple of 2676?
False
Is 222859089 a multiple of 1022?
False
Does 6 divide 74250708?
True
Is 1127 a factor of 94231851?
True
Does 111 divide 13464411?
True
Is 40 a factor of 23009000?
True
Is 9 a factor of 106225310?
False
Does 203 divide 28740537?
True
Is 729 a factor of 1130789189?
False
Does 15 divide 389475?
True
Is 138 a factor of 1894123872?
False
Is 1182 a factor of 791150791?
False
Is 579400137 a multiple of 279?
True
Does 1442 divide 141578444?
True
Does 22 divide 11288244?
True
Does 374 divide 392138252?
True
Is 27632378 a multiple of 2924?
False
Is 309243438 a multiple of 2458?
True
Is 3120 a factor of 761063665?
False
Is 73786273 a multiple of 17?
True
Does 221 divide 157958424?
True
Does 36 divide 109720721?
False
Does 1879 divide 452408709?
True
Is 844 a factor of 100393721?
False
Is 3830 a factor of 779922050?
True
Is 200 a factor of 11022787?
False
Does 34 divide 32162723?
False
Is 28918995 a multiple of 21?
True
Does 21 divide 12095387?
False
Is 103 a factor of 1118248855?
True
Is 303 a factor of 75613953?
True
Is 64 a factor of 1992400014?
False
Does 11 divide 1373210234?
True
Does 223 divide 94600796?
False
Does 801 divide 4082085183?
False
Is 1452839204 a multiple of 89?
True
Is 319861415 a multiple of 40?
False
Is 592 a factor of 7345536?
True
Is 1001341515 a multiple of 19?
True
Does 114 divide 3771777894?
True
Is 13518963 a multiple of 23?
True
Is 1225423005 a multiple of 4?
False
Does 14 divide 24487383?
False
Is 1472452618 a multiple of 136?
False
Is 2293700244 a multiple of 5511?
True
Is 88 a factor of 1077799?
False
Is 413592660 a multiple of 3330?
True
Is 1146 a factor of 281924022?
True
Is 307 a factor of 186114985?
False
Is 197639470 a multiple of 9?
False
Is 65792952 a multiple of 125?
False
Is 9 a factor of 22259115?
True
Does 110 divide 534422570?
True
Does 10 divide 244547559?
False
Is 1656 a factor of 66131445?
False
Does 51 divide 5735256?
True
Does 51 divide 122236731?
False
Does 506 divide 251650498?
True
Is 1686 a factor of 262249462?
False
Does 5 divide 207537140?
True
Is 58 a factor of 1189754?
True
Is 4 a factor of 326173982?
False
Is 1420 a factor of 90385840?
True
Is 59080145 a multiple of 3446?
False
Does 122 divide 1042926882?
True
Does 67 divide 17535028?
False
Does 1041 divide 288824409?
True
Does 939 divide 80957955?
False
Is 1794 a factor of 223572914?
False
Does 5118 divide 842535396?
True
Is 3693024 a multiple of 43?
False
Is 4 a factor of 37151913?
False
Is 98368625 a multiple of 44?
False
Is 56096385 a multiple of 338?
False
Is 286004950 a multiple of 1333?
False
Is 3882285750 a multiple of 875?
True
Does 115 divide 219737745?
True
Is 174987755 a multiple of 492?
False
Is 1386 a factor of 192548606?
False
Does 15 divide 7953570?
True
Is 455381071 a multiple of 8?
False
Does 1155 divide 23775675?
True
Does 613 divide 26587649?
True
Is 642 a factor of 560253498?
True
Is 17 a factor of 26817704?
True
Does 17 divide 14775746?
False
Is 138736128 a multiple of 24?
True
Is 13143 a factor of 3301822346?
False
Is 631788990 a multiple of 105?
True
Is 56 a factor of 16454816?
True
Is 2 a factor of 6026561?
False
Does 688 divide 3244586?
False
Is 933688681 a multiple of 36?
False
Does 494 divide 85018805?
False
Does 12 divide 123232284?
True
Is 29691689 a multiple of 513?
False
Is 19728965 a multiple of 152?
False
Does 604 divide 4407183025?
False
Does 3 divide 13128934?
False
Does 411 divide 653448900?
True
Is 41 a factor of 1436481030?
False
Is 58021200 a multiple of 1135?
True
Does 12 divide 230200618?
False
Does 345 divide 429885501?
False
Is 1605 a factor of 17709570?
True
Is 15 a factor of 188301435?
True
Does 86 divide 19448814?
True
Is 191 a factor of 296287986?
True
Is 1861172412 a multiple of 12?
True
Is 212 a factor of 1364136883?
False
Is 315 a factor of 68457419?
False
Is 201289172 a multiple of 55?
False
Does 207 divide 19196920?
False
Is 243576421 a multiple of 24?
False
Is 37 a factor of 2475146?
False
Does 96 divide 913260602?
False
Is 6269870 a multiple of 10?
True
Is 200641040 a multiple of 1060?
True
Is 95323632 a multiple of 5602?
True
Is 2006 a factor of 87435457?
False
Does 149 divide 215670530?
False
Is 5468328 a multiple of 318?
True
Does 147 divide 72467746?
False
Does 998 divide 43409025?
False
Is 110 a factor of 1714154640?
True
Does 215 divide 4619023848?
False
Does 38 divide 234109329?
False
Is 334 a factor of 1475445000?
True
Is 191 a factor of 1134910494?
False
Does 231 divide 316210654?
False
Does 1191 divide 281107139?
False
Is 1264572 a multiple of 3?
True
Is 243731499 a multiple of 2?
False
Does 79 divide 37778904?
False
Is 161 a factor of 459799624?
False
Is 11 a factor of 281417026?
True
Is 76003836 a multiple of 6?
True
Is 134 a factor of 3619708900?
False
Is 6041 a factor of 1082152541?
False
Does 14 divide 28623771?
False
Is 590119853 a multiple of 267?
False
Is 10 a factor of 17411030?
True
Is 52 a factor of 34783060?
True
Is 199065287 a multiple of 46?
False
Does 169 divide 1972399?
True
Is 45 a factor of 92524513?
False
Does 7076 divide 284146441?
False
Is 1051 a factor of 11456951?
True
Does 73 divide 79689225?
False
Does 9 divide 1649271582?
True
Is 397992380 a multiple of 715?
False
Does 159 divide 10716942?
False
Is 203261242 a multiple of 17?
False
Is 60664011 a multiple of 374?
False
Is 1158938753 a multiple of 14?
False
Does 2356 divide 46377860?
True
Does 10 divide 38861710?
True
Is 34205829 even?
False
Is 2669062687 a multiple of 6?
False
Is 298 a factor of 199745337?
False
Does 8730 divide 2705924610?
True
Is 44866584 a multiple of 252?
True
Is 723263970 a multiple of 1749?
True
Does 1115 divide 37328617?
False
Does 13 divide 85896602?
False
Is 249 a factor of 295175556?
True
Is 51151708 a multiple of 1507?
False
Is 409113656 a multiple of 81?
False
Does 40 divide 2254320?
True
Is 16 a factor of 5802534?
False
Is 116 a factor of 23979053?
False
Is 1669 a factor of 141028767?
False
Is 1270104145 a multiple of 364?
False
Does 39 divide 629652855?
True
Is 5938149 a multiple of 7?
True
Does 41 divide 2426896690?
False
Is 514086534 a multiple of 54?
True
Is 85086980 a multiple of 4390?
True
Is 3231630 a multiple of 18?
True
Does 25 divide 985205530?
False
Does 155 divide 115935815?
True
Is 2 a factor of 3589743?
False
Does 957 divide 70433792?
False
Is 19 a factor of 56803635?
True
Is 20 a factor of 416447500?
True
Is 9 a factor of 775291?
False
Is 14 a factor of 1004918535?
False
Is 808044 a multiple of 1734?
True
Does 138 divide 14405586?
False
Is 60353172 a multiple of 1285?
False
Is 1284 a factor of 694976556?
True
Is 3 a factor of 9311316?
True
Does 1519 divide 68145378?
True
Does 1225 divide 126192150?
True
Does 17 divide 35594241?
False
Is 35 a factor of 3904390?
True
Is 60581060 a multiple of 13?
False
Is 263 a factor of 764880533?
True
Is 107 a factor of 112634464?
False
Does 6 divide 1060482511?
False
Does 688 divide 583546464?
True
Does 242 divide 136937127?
False
Does 36 divide 11554555?
False
Is 101 a factor of 27791728?
False
Is 2777 a factor of 358054479?
False
Is 1068846261 a multiple of 41?
True
Is 4361 a factor of 414417108?
True
Does 13 divide 28111087?
False
Is 31620138 a multiple of 5?
False
Does 342 divide 12310688?
False
Does 25 divide 19344432?
False
Does 21 divide 129227238?
True
Is 470 a factor of 318512420?
True
Is 10 a factor of 230531263?
False
Is 95 a factor of 165363766?
False
Is 311104738 a multiple of 48?
False
Does 16 divide 16478124?
False
Does 98 divide 129240675?
False
Does 118 divide 149731144?
True
Is 1341 a factor of 211172634?
True
Is 28 a factor of 667128?
True
Is 127 a factor of 40745410?
True
Is 9 a factor of 514287557?
False
Is 4962 a factor of 386651501?
False
Does 15 divide 214373671?
False
Does 21 divide 18527236?
False
Is 306779328 a multiple of 197?
False
Is 716572386 a multiple of 322?
False
Does 67 divide 337166978?
False
Is 5664860 a multiple of 290?
True
Is 105804904 a multiple of 296?
True
Is 51 a factor of 195806952?
True
Does 16 divide 9027952?
True
Does 149 divide 62570464?
True
Is 1110 a factor of 28485293?
False
Is 3272342400 a multiple of 150?
True
Is 87 a factor of 26820969?
True
Does 202 divide 953692096?
True
Is 142 a factor of 777